factor of h and 84?
14
Let h(c) = 10*c**2 + 3*c. Let u be h(5). Suppose -v - 65 = 2*k - 173, 0 = -3*k - 2*v + 163. Calculate the greatest common divisor of k and u.
53
Let c(b) = -b**2 - 20*b + 2539. Let d be c(-61). What is the highest common factor of 32 and d?
2
Let t(a) = -4*a**3 - 5*a**2 - 3*a - 1. Let k be t(-3). Suppose 526 = 5*c + k. What is the highest common factor of 39 and c?
13
Let q = 54 - 53. Let g(t) = 48*t**3 + 2*t**2 - t. Let k be g(q). Let y = 50 - k. What is the highest common divisor of 7 and y?
1
Let x = -48 + 304. Let q = -582 - -454. Let h be 3/(756/q - -6). Calculate the greatest common divisor of x and h.
32
Suppose -2*v - 12 = 0, 2*g + v - 577 + 43 = 0. What is the highest common divisor of g and 192?
6
Suppose 5 = 5*t, 3*t = -2*j + 13 + 10. Let m be (2 + (-72)/j)/(22/(-55)). Let r = 53 + -1. Calculate the highest common factor of m and r.
13
Let v = 5193 - 1568. What is the greatest common factor of 250 and v?
125
Let s = -29 + 57. Let b = s - 26. Suppose u + 11 = 5*y, b*u + 0*y - 2*y = 2. What is the greatest common divisor of 6 and u?
2
Let x = -1417 - -1494. Suppose 2*j = v - 17, -2*j - 5 = -2*v + 19. Calculate the greatest common divisor of v and x.
7
Suppose r + 24 = 2*r + 2*u, 4*r - 132 = u. Calculate the greatest common divisor of 212 and r.
4
Let q be 13/91 + 94707/119. What is the greatest common divisor of 13333 and q?
199
Suppose -3*m + 4*m = 0, m = 3*n + n - 18944. What is the greatest common factor of n and 128?
128
Let g be 9*((-153)/(-3) - -1). Let n = -278 + g. Suppose 3*h + 2*h = 380. What is the greatest common divisor of n and h?
38
Suppose -x + 302 = c, 10*x + 2*c = 13*x - 936. Calculate the greatest common factor of 396 and x.
44
Let n(s) = 8*s**3 + 10*s**2 + 4*s - 14. Let q be n(7). What is the highest common divisor of 224 and q?
112
Let y(o) = -o**3 - 18*o**2 - 20*o + 6. Let p be -30*-1*(7/(-2) - -3). Let m be y(p). Let x = -253 - m. Calculate the greatest common factor of x and 29.
29
Suppose 0 = -9*d - 9 + 54. Suppose -11 = -3*s + 34. Let v = 30 - s. What is the greatest common factor of d and v?
5
Let q(n) be the third derivative of -n**6/120 + n**5/12 + n**4/2 - 10*n**3/3 - n**2 + 67*n. Let z be q(4). What is the highest common factor of 220 and z?
44
Let v(s) be the second derivative of 47*s**3/6 - 75*s**2 + s + 3. Let k be v(23). What is the highest common divisor of k and 19?
19
Suppose -851*f - 2*j + 617 = -848*f, -519 = -3*f + 12*j. What is the greatest common factor of 804 and f?
201
Let v = 356 - 293. Let l(o) = -81*o + 45. Let b be l(-8). What is the greatest common factor of v and b?
63
Let i be 0 + (-26)/(-12) + 2/(-12). Let b be 0/(-1 + -3) + i. Suppose -p - b*h + 5*h = -23, 5*p - 4*h = 60. Calculate the greatest common factor of 1 and p.
1
Let h be 30/(-35)*28/4. Let g be 420/18*h/(-5). Suppose -32 = -3*o - 5*m, 2*m + 74 = 5*o - 0*m. Calculate the highest common factor of o and g.
14
Let g be (-8)/72*3 - 3182/(-6). Suppose m = 4*b + g, 3*m + 2*b = 429 + 1231. Calculate the greatest common factor of 50 and m.
50
Suppose -3*x - 8 = -z - 0*x, 2*z - x = 31. Suppose 50 = z*n - 15*n. Let i(r) = 11*r**2 - 1. Let c be i(1). Calculate the highest common divisor of c and n.
5
Suppose 13*p - 315176 - 60700 = -199*p. Calculate the highest common factor of 985 and p.
197
Let k = -11842 + 11848. Let a be ((-4)/12)/((-1)/12). Let x be (-924)/(-8) + (-6)/a. Calculate the greatest common divisor of x and k.
6
Let m(b) = -b**2 + 3*b + 1. Let v be m(3). Suppose 0 = -136*f + 513*f - 10179. Calculate the greatest common factor of v and f.
1
Suppose -23*i + 25*i + 5*n = 102, i = 3*n + 51. Suppose -3*l - 15 = 0, 2*y = -3*y - 3*l - 95. Let f = 33 + y. Calculate the greatest common divisor of f and i.
17
Let i be 7 - (799/(-255) - (-7)/((-525)/(-10))). Calculate the greatest common divisor of 12590 and i.
10
Let t(l) = 7255*l**2 + 31*l - 6. Let p be t(1). What is the highest common factor of 10 and p?
10
Suppose 41*c - 46*c = -g + 53, 0 = -2*c + 5*g - 35. Let t(m) = m**2 + 11*m + 19. Let l be t(c). What is the greatest common factor of l and 81?
9
Let d be 4/2*187/34 - -28. What is the highest common divisor of d and 8697?
39
Let d = 90 + 46. Suppose n - 14 = 10. Let p = n - 7. What is the highest common factor of d and p?
17
Suppose 3*d - 7 = 5. Suppose -3*b + d*f + 155 = -44, 0 = -3*b - 4*f + 167. Suppose -4*z = -b + 5. What is the highest common divisor of z and 56?
14
Let u be (-15 - -9)*-1*2. Suppose -5*i + 62 = u. Suppose 30 = 8*n - i. What is the greatest common divisor of n and 55?
5
Let l(j) = -j**3 + 6*j**2 - 71*j + 94. Let b be l(-16). Calculate the highest common factor of 188 and b.
94
Suppose f = 35 - 43. Let b(z) = 2*z**2 + 16*z + 8. Let g be b(f). What is the greatest common factor of g and 2?
2
Let a be (-1)/(-2) - (-2)/(-4). Suppose a = -5*o + 474 + 66. Suppose -11*p - 96 = -16*p - 3*p. What is the greatest common divisor of p and o?
12
Suppose -2*z = 2*c - 76, 3*c + 79 = 2*z + 6*c. Suppose -z*q - 69 = -38*q. Calculate the highest common divisor of q and 437.
23
Let v(f) = 33*f**2 - 29*f + 32. Let h be v(5). Let n = 736 - h. Let o(b) = 2*b. Let t be o(2). What is the greatest common factor of n and t?
4
Suppose i - 3 = 4, -2*b + 6058 = -8*i. What is the highest common divisor of 3 and b?
3
Suppose b - 4*b - 6 = -4*i, 0 = 2*b + 3*i + 4. Let t be (((-66)/(-18))/1)/(b/(-12)). Suppose t = k - 38. What is the greatest common factor of 12 and k?
12
Let p(t) = 12*t - 523. Let w be p(61). Calculate the greatest common divisor of 121 and w.
11
Suppose -4*n - 1592 = -3*q + 1324, 5*q - 4*n - 4860 = 0. What is the greatest common factor of 756 and q?
108
Let h = 25204 + -23829. Calculate the highest common divisor of h and 4000.
125
Suppose -4*v - 8*i + 430 = -6*i, 0 = -v + 2*i + 110. Suppose -3*j = 4*u - 7*u - 102, j - 38 = -u. What is the greatest common divisor of v and j?
36
Suppose -2999 = -3*r - 2*v, v = -r + 5*v + 1023. Let p = 2130 - r. Calculate the greatest common divisor of p and 49.
49
Suppose -101*z + 895 + 309 = -15*z. Calculate the greatest common factor of z and 4.
2
Let h = 873 - 348. Let l be (h/140)/(-1 + (-41)/(-40)). What is the greatest common divisor of l and 6?
6
Let z(c) = -c - 5. Let f be z(11). Let t be (-3*20)/((-24)/f). Let v = t - -109. Calculate the highest common divisor of v and 23.
23
Suppose 5*m - 941 = 8*i - 5*i, -3*i = 4*m - 769. Let w be m/10 - (3 - -1). Calculate the greatest common divisor of 30 and w.
15
Suppose -22*l + 1256 - 250 + 226 = 0. What is the greatest common divisor of l and 7336?
56
Let d(a) = a**3 - 6*a**2 + 3*a - 5. Let n be d(6). Suppose -139*h - 78*h + 19747 = 0. What is the greatest common factor of h and n?
13
Suppose -4*i - 14 = -5*i. Let t be ((-8)/(-3))/((-28)/(-1176)). Calculate the greatest common factor of i and t.
14
Suppose -2*v = 2*t + 40, -29*t = -27*t - 10. Let q be ((-750)/(-40))/v - (-534)/8. Calculate the greatest common factor of q and 165.
33
Suppose 1987 = 4*a - 5*h, 3*h = 3*a - 1797 + 309. Calculate the highest common divisor of a and 725.
29
Suppose 0*g = -2*u + g + 472, 4*g - 492 = -2*u. Let y = 319 - 414. Let k = u + y. What is the greatest common factor of k and 13?
13
Let q(k) = k**3 - 11*k**2 + 10*k + 18. Let a be q(10). Let g = a - -16. Suppose 0 = -2*x - 25 + 195. Calculate the highest common factor of x and g.
17
Suppose 1 = 5*h + 2*y - y, 0 = 3*h - 5*y + 5. Suppose b + 5*j - 529 = h, 2*j - 3*j = 4*b - 2021. Calculate the highest common divisor of 72 and b.
72
Let v be (-24)/9*(-9)/(-12). Let j be (-10)/(11 - 31)*(-76)/v. Calculate the highest common divisor of 1330 and j.
19
Let k = 2450 - 2129. What is the greatest common factor of 214 and k?
107
Suppose -29 + 59 = 5*r. Suppose 5*c - r*c - 5 = 0. Let o be (0 - 1)/(c/80*2). Calculate the greatest common factor of o and 8.
8
Let f = -92 - -95. Suppose -2*l - 38 = 3*m + f*l, 5*m - 2*l + 22 = 0. Let h be (-45)/m + (-2)/(-4). Calculate the greatest common factor of h and 152.
8
Let w be (10/(-30))/(-1 - (-16)/18). Suppose -2*t + 35 = w*t. Let s be (-5)/35 - 246/(-7). Calculate the highest common divisor of s and t.
7
Suppose 59*y - 12 = 165. Let r be 54/3*(1 - 4/6). Calculate the highest common factor of y and r.
3
Let h(g) = 16*g + 277. Let q be h(-17). Supp